 71. Suppose -5*j - b = -2*c, j - 4*j = 6. Let k(f) = f**3 + 6*f + 0*f - 3 - c*f**2 - 3 + 7*f**2. Determine k(5).
-1
Let w be (-6)/42 - 276/28. Let m(y) = -y**2 - 11*y - 5. What is m(w)?
5
Let c(m) be the second derivative of -m**5/20 - m**4/2 - m**3/3 + 5*m**2 + 28*m + 1. What is c(-5)?
-5
Let d(s) = s**2 - 3*s - 8. Let p(m) = -m - 1. Let r(j) = -d(j) + 4*p(j). Determine r(-5).
-16
Suppose 5*i = -1 - 19. Let w(h) = -h**3 - 5*h**2 - 3*h + 5. Let t be w(i). Suppose -2*s + 7 = t. Let b(u) = -u + 2. Give b(s).
-1
Suppose 3*p - 39 = -3*r, -p - 4*r + 2 = -2*p. Suppose 5*u - 20 = -3*a + 3, a - p = -4*u. Let h(t) = 2*t - 8. Determine h(a).
4
Let n(a) = -14*a**3 + 9*a**2 + 3*a - 15. Let m(h) = -11*h**3 + 7*h**2 + 2*h - 12. Let w(t) = -4*m(t) + 3*n(t). What is w(2)?
17
Let c be (12/(-9))/((-4)/(-6)). Let y be c/4*(-5 - -1). Let l(t) = 2*t + t - 2 + 0. Give l(y).
4
Let z(k) be the second derivative of 0*k**4 + 0 + 1/20*k**6 + 1/30*k**5 - 1/6*k**3 - 5/2*k**2 - 7*k. Let c(v) be the first derivative of z(v). Determine c(-1).
-5
Let i(m) be the second derivative of -m**5/30 - m**4/12 - 13*m**2 - m. Let g(v) be the first derivative of i(v). Determine g(-3).
-12
Let r(m) = 16*m + 1. Let l(o) = o**2 - 6*o - 26. Let h be l(-3). Give r(h).
17
Let t(o) = -o + 1. Let i(k) = -10*k + 5. Let v(u) = -i(u) + 3*t(u). Determine v(-5).
-37
Let m(g) = 1 - 1 - 5*g**2 - 6*g + g + 1 + 6*g. Let q be (1/(-3))/(1/3). What is m(q)?
-5
Let m(p) = 3*p**2 - 1. Let a be (1/(-7)*4)/(110/(-385)). Suppose -4*b = -13 - 3. Suppose a*j - 4 = b*j. Calculate m(j).
11
Let v(n) = -2*n - 5. Let r be v(-6). Let g(y) be the third derivative of -y**6/120 + 2*y**5/15 - y**4/3 + 3*y**3/2 + 659*y**2. Give g(r).
2
Let s = -5 - -9. Suppose 5*y = s*x + 23 + 19, 0 = -3*y + 2*x + 24. Let r be ((-6 - -3) + y)*-1. Let i(f) = -f + 3. Give i(r).
6
Let h be 2/(-4) - (-56)/96. Let d(u) be the second derivative of u**2 - u**3 + 0 + u + h*u**4. Calculate d(4).
-6
Let v(m) = m**2 - 4*m. Let j(k) = -5*k - 30. Let z be j(-6). Suppose -4 = -5*h + 3*d + 4, -2*h - d + 12 = z. Give v(h).
0
Suppose 0 = -3*n - 4*h - 1 - 4, -4*n = 3*h + 9. Let i(f) = -8*f + 4 + 8*f + 2*f**2 + 5*f. Determine i(n).
7
Let m(b) = b - 12. Let x be m(15). Let q(n) = n**3 + 6*n**2 - 5 + 4 + x*n - 2*n. Suppose -y = y + 12. Determine q(y).
-7
Let j(b) = b. Let q(r) = r**2 - 17. Let a(l) = 5*j(l) + q(l). What is a(-8)?
7
Let n(v) = -v - 1. Suppose 3*f + 4*f - 238 = 0. Suppose y = -4*l + 17, 3*l - f = 5*y - 4. Give n(l).
-6
Let c be -7 - -2*(-1)/2. Let k(h) be the first derivative of h**3/3 + 5*h**2 + h - 263. Determine k(c).
-15
Let x = 9 - 6. Let k(w) = -5*w**3 - w**2 + 3*w - 16. Let i(q) = -14*q**3 - 3*q**2 + 8*q - 46. Let u(y) = -6*i(y) + 17*k(y). Give u(x).
-5
Let o be (-6)/3 + 5 - 1. Suppose 0 = o*d + 3*h - 9, -2*d + 4*h - 6*h + 6 = 0. Let l(c) = c**3 - c**2 - c - 2. What is l(d)?
-2
Suppose -21*l = -31*l + 120. Let b(d) be the first derivative of 2*d + 1/2*d**2 - l. Calculate b(0).
2
Let c be 7 - (-1 + (-9)/(-3)). Suppose 16*i = 18*i - 8. Let m(y) = -3*y + 0*y + i + y. Calculate m(c).
-6
Let j = 2801 - 56019/20. Let x(a) be the second derivative of -9*a + 0 - j*a**5 - 5/12*a**4 + 5/6*a**3 - 5/2*a**2. Calculate x(-6).
1
Let i(k) = 5*k**2 - 4*k - 11. Let q(t) = -7*t**2 + 4*t + 12. Let w(r) = -3*i(r) - 2*q(r). Suppose 12*l - 63 = 3*l. Calculate w(l).
-12
Let m(r) = -17*r**3 - 6*r**2 - 33*r + 4. Let d(x) = 35*x**3 + 13*x**2 + 71*x - 9. Let h(k) = 6*d(k) + 13*m(k). Calculate h(-1).
12
Suppose 0 = 3*m - 0*m + 318. Let n = -155 - m. Let o be 38/14 + (-14)/n. Let g(h) = -h**2 + 3*h + 4. Give g(o).
4
Let u(h) be the first derivative of h**6/360 - h**5/60 - h**4/12 + 11*h**3/3 - 5. Let z(q) be the third derivative of u(q). Calculate z(3).
1
Let f(k) be the first derivative of -k**5/60 - 5*k**4/24 + 7*k**3/6 - 9*k**2 + 1. Let w(a) be the second derivative of f(a). Calculate w(-6).
1
Let o(m) = 84 + 85 + 85 - 260 + 9*m. Calculate o(7).
57
Let j(x) = x**3 - 4*x**2 + 3*x. Suppose 4*n = 0, f = -3*n - 1 + 6. What is j(f)?
40
Let v(z) = -88*z - z**3 - 5*z**2 + 159*z - 64*z. Let s(d) = -d**3 + 3*d**2 - d - 1. Let r be s(2). Let n = r + -7. What is v(n)?
-6
Let o(k) = -k - 5. Let l be -16 + (-14)/7 + 7. Calculate o(l).
6
Let h(i) = -i**3 + 7*i**2 - 4*i. Let n be ((-34)/(-6) + 47 + -52)*9. What is h(n)?
12
Let h(o) be the first derivative of -o**2 - o + 1. Let v = 11 - 6. Suppose 0*y - n = -3*y + v, 0 = 3*y + 2*n - 17. What is h(y)?
-7
Let d(g) = -5*g - 1. Let h be d(-1). Let o(b) = -2 - h*b + 4*b + b. Let f be 0 + (1 - 3)/(4/8). Calculate o(f).
-6
Let w(q) = -25 + 16 - 33*q + 34*q. Give w(-16).
-25
Let l(q) = -q + 1. Let r(i) = 4*i - 1. Let g(s) = l(s) + r(s). Let c be (-8)/28 + 363/21. Let j(y) = -2*y + 40. Let x be j(c). What is g(x)?
18
Suppose -3*u - 17 = -2. Let i(l) = 89*l + 95*l - 182*l. What is i(u)?
-10
Let k(a) = a**3 + 3 + 44*a**2 + 54*a**2 + 4 + 0 - 94*a**2 - 2*a. Let j = 6 + -11. Calculate k(j).
-8
Let t(w) = -7*w**3 + 8*w**2 + 3*w + 14. Let m(z) = -6*z**3 + 8*z**2 + z + 13. Let j(l) = -6*m(l) + 5*t(l). Calculate j(7).
6
Let s(v) = -4*v**3 + v - 1. Suppose 0 = -3*a - 2*a. Let o be (-3)/(-7 + 13)*-12. Suppose 6*x + 0 - o = a. Calculate s(x).
-4
Let w(s) = 68 - 7*s + 75 - 145. Let n(p) = -540*p - 180. Let u(y) = 27*y + 9. Let m(x) = 4*n(x) + 81*u(x). Let l(c) = -2*m(c) - 9*w(c). What is l(1)?
9
Let n(i) = i**3 - 3*i**2 + 3*i - 4. Let y be n(3). Let u(m) = 3*m - 3*m - y*m + 3*m + 2. Give u(6).
-10
Let h(r) = 13*r**2 + 23*r + 7. Let u(c) = -21*c**2 - 35*c - 10. Let n(v) = 8*h(v) + 5*u(v). Give n(10).
-4
Let d(h) = -3*h + 5. Let u = 1593 - 1582. Give d(u).
-28
Suppose 165 - 201 = -6*q. Let d(g) = 9*g - 10. Calculate d(q).
44
Suppose 4*f - 42 = -5*g, 6 = 4*g - 4*f - 6. Let t(b) = 3 - 2*b + 3 - b**3 + 0 + g*b**2. Suppose -168*h + 12 = -166*h. Calculate t(h).
-6
Let d(s) be the first derivative of s**2 - 22*s - 549. What is d(11)?
0
Let w(z) = -z**3 - 15*z**2 - 15*z - 2. Let o be w(-14). Suppose -6*s + o = -4*s. Let n(h) = h**3 - 6*h**2 - 2*h + 7. Calculate n(s).
-5
Let w = -11 - -11. Let s be 22/55*(5 - w). Let k be ((-4)/12)/(s/12). Let b(z) = -2*z**2 - 2*z - 2. Give b(k).
-6
Suppose -w - 6*b = -b - 18, -3*w = 4*b - 43. Let v(s) = -2 - 6*s**2 + w*s**2 - s**3 + 2 - 5*s. Calculate v(6).
6
Suppose 2*b - v = -12, v - 7 - 19 = 4*b. Let i(s) = -s**3 + 0 + 5*s - 6*s**2 - 1 - 2. Give i(b).
11
Let j = -98 - -101. Let k(w) = -1779*w**2 - w**j + 1779*w**2 - 1 - w + 2*w**3. Suppose 0*p = -3*p. Determine k(p).
-1
Let u(s) = -4*s - 6. Let z(x) = 3*x + 5. Let g(l) = -6*l - 10. Let b(c) = 6*g(c) + 11*z(c). Let f(h) = 5*b(h) - 4*u(h). Determine f(1).
0
Suppose -4*a = 3*w - 7, 22*a + 14 = 2*w + 27*a. Let z(m) = -2*m**2 - 6*m - 6. Give z(w).
-6
Let p(j) be the third derivative of -j**4/8 + 37*j**3/6 + 360*j**2. Calculate p(12).
1
Let y(f) = f**2 + 7*f + 4. Let v be y(-7). Let q be ((-12)/(-15) - 0)*(-10)/v. Let a(c) = -c - 2. What is a(q)?
0
Let t(p) = -5*p + 6*p + 5*p + 2*p**2 - p - 13. What is t(2)?
5
Suppose 5*y = 3*s - 13, -6*y - 9 = -s - 2*y. Let a(b) = 39*b**3 - 2*b + 1. Calculate a(s).
38
Let v(r) be the first derivative of r**4/2 + 2*r**3/3 + r**2/2 + r + 287. Determine v(-2).
-9
Suppose -2*b - 11 + 3 = 0. Let a(m) = m - 1. Let q(i) = -5*i. Let n be 3/(-1)*(-1)/3. Let y(w) = n*q(w) + 3*a(w). Give y(b).
5
Let m(l) = l**2 - 6*l - 4. Let y = 8 - 9. Let s be (-36)/28 - y - (-120)/28. Calculate m(s).
-12
Let x(m) = 14*m**2 - 24*m - 1. Let q(c) = 26*c**2 - 45*c - 2. Let h(i) = -6*q(i) + 11*x(i). Calculate h(5).
-19
Let u(t) = -t**2 + 7*t - 1. Let l = -68 - -44. Let s be l/(-6) + 0 + 1. Calculate u(s).
9
Let b(o) = o**3 - 5*o**2 + 4*o + 1. Let j = -1 - -3. Let s be 41 - (0 - (j + 1)). Let f be (-84)/(-22) - (-8)/s. Calculate b(f).
1
Let b(u) = -13*u**2 - 8. Let t(y) = 7*y**2 + 5. Let g(q) = -3*b(q) - 5*t(q). Let i be 0 - 2/(2*-1). What is g(i)?
3
Let j(i) be the third derivative of -i**5/60 + 5*i**4/6 - i**3/2 + 4*i**2. Let n be j(19). Let z = n - 13. Let b(s) = 3*s - 2. Determine b(z).
7
Let d(g) = -g**2 + 9*g - 12. Suppose -n = 4*i - 27, -n + 21 = 6*i - 3*i. Calculate d(i).
6
Let o(k) be the second derivative of -k**4/12 - k**3/3 - 2*k. Suppose -10*n = 6 - 56. Suppose 0*j + 2*j = 8, 3*x = n*j - 26. What is o(x)?
0
Let a(z) = 2*z**2 + 6*z + z**3 + 3*z**2 - 6 - 14*z. 